rmine i(j).
1
Let g(m) be the first derivative of m**2/2 - 3*m + 2. Let a(u) = 3*u**2 + 9*u + 3. Let f be a(-3). Suppose -x + 7 = x + 3*n, -f*x + n + 16 = 0. Determine g(x).
2
Let s(a) be the first derivative of a + 1/2*a**2 + 114. Let j(o) = o**3 - 3*o**2 + 2*o - 1. Let h be j(3). Determine s(h).
6
Let f(p) = p**2 + 3*p + 1. Suppose -3*j - 7 = 14. Let a be (((-7)/j)/(-1))/(1/5). Calculate f(a).
11
Let q be -2*2 - (145 + 25/5). Let y = q - -162. Let w(v) = -v**3 + 7*v**2 + 9*v - 11. Determine w(y).
-3
Let h(c) = 2*c**3 - 30*c**2 - c + 16. Let v(l) = 5*l**2 + 29*l + 15. Let s be v(0). Give h(s).
1
Let l = -5375 - -5368. Let g(d) be the third derivative of -d**6/120 - 2*d**5/15 - 3*d**4/8 - 3*d**3/2 - d**2. Calculate g(l).
5
Let n(d) be the third derivative of -d**5/60 - d**4/4 + 19*d**3/6 - 4266*d**2. Give n(-7).
12
Let n be (130/4 + -4)*(-4)/(-6). Let w = -13 + n. Let b(d) = 2 - 4*d**3 + 3*d + w*d**2 - 8*d + 2*d + 3*d**3. Determine b(5).
12
Let o = -72 - -77. Let r(w) = w**2 + 1. Let c be r(1). Let m(t) = -2*t + 9*t - 6*t**2 + 3*t**3 - c*t**3 - 7. Determine m(o).
3
Let g(c) = -12 + c**2 + 30 - c - 17*c**2 - 18. Determine g(-2).
-62
Let j(q) be the second derivative of -1/2*q**3 + 1/12*q**4 - 2*q**2 + 0 + 77*q. Determine j(3).
-4
Let i(m) = -65*m**2 - 17*m - 27. Let l(d) = -17*d**2 - 4*d - 6. Let f(t) = -6*i(t) + 23*l(t). Calculate f(13).
-15
Let x(n) = -71*n**3 + 102*n**2 + 67*n + 694. Let o(i) = 25*i**3 - 34*i**2 - 22*i - 231. Let w(m) = -17*o(m) - 6*x(m). Give w(35).
8
Let x(j) = -j**2 + 5*j - 3. Let t(h) = 2*h + 27. Suppose -5*w + 4*q - 39 = 0, 2*w + 5*q + 16 = -26. Let o be t(w). What is x(o)?
-3
Let j(i) = -51 + 25 + 5*i + 51 + 29. Calculate j(-12).
-6
Let p(o) = 257*o - 4107. Let b be p(16). Let s(i) = -i**3 + 25*i - 12. Calculate s(b).
-12
Let j(i) = -2*i - 8. Suppose 100 = -112*f - 15 + 3. Give j(f).
-6
Let j(g) be the third derivative of g**5/60 - 11*g**4/12 + 32*g**3/3 - 2*g**2 - 450*g. Calculate j(21).
43
Let d(u) be the second derivative of u**5/20 - 7*u**4/3 + u**3/6 - 3*u**2 - 4139*u. What is d(28)?
22
Let u(l) = 2*l - 10. Let x = 10367 + -10342. Determine u(x).
40
Suppose -3 + 12 = 3*w. Let o(p) = 2*p**2 - 9*p + 7. Let g be o(w). Let q(k) = 4*k + 4. Calculate q(g).
-4
Let h be -16 - (-28 - (1 - 10)). Let g(o) be the first derivative of -7 + 0*o**h + 1/4*o**4 - o + 0*o**2. Calculate g(-2).
-9
Let p(w) = w**3 + 11*w**2 + 8*w + 18. Let j be p(-10). Let x = j - 29. Let q(n) = -3 - 6*n + x + n**2 + 0*n. Give q(5).
1
Let z(q) = -2*q**2 + 15*q - 1. Let y = -11101 - -11111. Give z(y).
-51
Let r(y) = y**3 + 2*y**2 - 11*y - 6. Let u = -6956 + 6952. Determine r(u).
6
Let i(k) = -k**3 + 64*k**2 + 4*k - 248. Let g be i(64). Let c(w) = -w**2 + 5*w - 6. Calculate c(g).
-30
Let p(k) = 5*k**3 - 4*k**3 + 32*k**2 - 3*k**2 + 6*k**2 + 10*k + 11 - 33*k**2. Give p(-2).
-9
Let a be (12/(-10))/((-24)/(-1760)). Let m = -94 - a. Let z(r) = 3*r + 13. Give z(m).
-5
Let p = 252 + -249. Let q(a) = 20 - 13 - a**3 - 48*a**2 - p*a + 54*a**2. Determine q(6).
-11
Let w be -1 + -3 + (-12)/(-8)*4. Let v(l) = -7*l + 4*l + 4*l + w*l**2 + 4*l**3 - 2*l. Give v(1).
5
Let d(g) = -g**2 + 56*g - 19. Let f(z) = z**2 - 90*z + 36. Let m(a) = -5*d(a) - 3*f(a). What is m(-6)?
119
Let x(s) be the first derivative of -s**4 + s**3 + s**2/2 - s - 1. Let y be (-1)/((-210)/(-42)*(-4)/(-20)). What is x(y)?
5
Let h(t) = 3*t**2 - 2*t + 3. Suppose -4*r + 515*g - 2 = 518*g, g - 14 = -5*r. Give h(r).
43
Let f(b) = -11*b - 3. Let z(g) = 5*g + 1. Let q(u) = 6*f(u) + 14*z(u). Suppose 14 + 202 = 3*w. Let x = -68 + w. Determine q(x).
12
Suppose 4*b = -3*i - 140, 5*i + 2*b = -2*b - 236. Let t = i - -43. Let z(y) = -3*y - 4. Give z(t).
11
Let i(l) be the second derivative of -l**3/6 - 5*l**2 + l. Let q be ((-70278)/371)/26 - 36/(-28). Give i(q).
-4
Suppose 1804*d - 1365 = 1609*d. Let k(o) = 0*o**2 + 4 - o**2 + o + 3*o. Determine k(d).
-17
Let t(c) = c**2 - 56 + 26*c + 2*c**2 - 2*c**2. Let g be t(-28). Suppose -5*h - 3*u = -4*h, h - 5*u = g. Let y(l) = l**3 + l**2 + l + 4. Calculate y(h).
4
Let r be 168/280 - 4/(-10). Let s(a) = -799*a + 803*a - r + 7. Suppose 2*c + c = -15. Calculate s(c).
-14
Let t(q) = -553*q**3 + 2*q**2 + q. Let n be t(-1). Let x(u) = -8*u**2 + 556*u + 4*u**2 - n*u. What is x(3)?
-30
Let k(r) be the first derivative of -5*r**2/2 - 14*r + 4275. What is k(-5)?
11
Let t(k) = 2*k**2 + 5*k + 3. Suppose -34 + 4 = 5*a. Let x = a + 68. Let o = x + -66. Determine t(o).
15
Let m(g) = -g**2 - 21*g + 42. Let h be m(-23). Let z(t) = -t**3 - 1 - 4*t - 7*t**3 + 12*t**3 - 5*t**3 - 2*t**2 - 3*t**2. Calculate z(h).
-1
Let l(v) = 13*v**2 + 17*v - 6. Let p(g) = -7*g**2 - 9*g + 3. Let t = -244 - -233. Let s(d) = t*p(d) - 6*l(d). Give s(-3).
3
Let i be (-2)/((-25)/(-15)*(-2)/20). Suppose -380 = i*j + 7*j. Let c(d) = d**3 + 21*d**2 + 19*d - 26. What is c(j)?
-6
Suppose -47 = -43*b + 39. Let n(j) = -19*j - 3. What is n(b)?
-41
Let w(y) be the first derivative of -32 - 54*y**2 - 5 - 4*y + 56*y**2. What is w(6)?
20
Let m(w) = 23*w - 64. Let y(q) = -17*q + 47. Let o(t) = 8*m(t) + 11*y(t). Let n(z) = -z**2 - 4*z + 8. Suppose 0*b + 30 = -5*b. Let l be n(b). What is o(l)?
17
Let o(w) = 9*w**2 - 14*w + 5. Let n(i) = 5*i**2 - 7*i + 3. Let y(b) = -7*n(b) + 4*o(b). Let m = 164 + -73. Suppose -m*j = -83*j - 48. What is y(j)?
-7
Let l(j) = -j + 1. Let z(b) = -b**2 + 2*b + 13. Let g(m) = 5*l(m) - z(m). Suppose -39 = -5*k + 3*h, 23*k - 22*k + 3*h + 3 = 0. What is g(k)?
-14
Let s(j) = 10*j + 1. Suppose 6*m + 2 = 2*m + 3*q, -4*m - 4 = -2*q. Suppose 28 = z - 3*z - 4*h, -h - 5 = 0. Let b be (m/8)/(z/(-16)). Calculate s(b).
-9
Let u(r) = -8*r**2 + 8 + 10*r**2 + 0*r**2 - 15*r - 3 - 3*r**2. Suppose 3*v = -v - 60. Give u(v).
5
Let z be 1 + (-1 - (-3 - -99)). Let k be (6/4)/(18/z). Let b = k + 6. Let n(o) = 2*o**2 - o - 2. Determine n(b).
8
Let k be (2/(-4))/(10/(-20)). Let n(h) = -h + 7 - k - 2 + 0*h. Suppose -4*a = 17 - 5. Determine n(a).
7
Let q(d) be the first derivative of d**3/3 - d**2/2 + 2*d + 3. Suppose 25*i = 20*i - 35. Let u = 5 + i. Give q(u).
8
Let b(j) = 7*j**3 - 8*j**2 - 350*j - 4. Let c(h) = -20*h**3 + 23*h**2 + 992*h + 11. Let g(m) = -17*b(m) - 6*c(m). Suppose -2 - 6 = 4*f. Calculate g(f).
-10
Let q(y) = 24*y + 3*y**3 + 24*y**2 - 4*y**3 + 0*y**3 + 0*y**3 + 1 + 16. What is q(25)?
-8
Let w(j) = -11*j**3 + 48*j**2 + 33*j - 115. Let p(l) = -7*l**3 + 32*l**2 + 23*l - 77. Let u(v) = -8*p(v) + 5*w(v). Determine u(17).
7
Let v(n) = 2*n**3 - n**2 + n - 21. Let z(s) = -27*s**2 - 890*s + 33. Let q be z(-33). Calculate v(q).
-21
Suppose -5*t + 28 = 8. Suppose -12*l - t = -16*l. Let r(m) be the first derivative of m**3 + m**2/2 + 8. Give r(l).
4
Let o = 1460 - 1460. Let s(y) = -y**3 + 2*y - 28. Determine s(o).
-28
Let h be ((-32)/30*1 + (-6)/10)*6. Let k(r) = -7*r - 10. Give k(h).
60
Suppose -6 = 5*h + 4. Let l(v) = 24*v + 6. Determine l(h).
-42
Let s(j) be the third derivative of j**5/30 + 5*j**4/3 + 21*j**3/2 + 94*j**2 + 3. Give s(-18).
-9
Let b(y) = -3*y**2 + 333*y + 683. Let g be b(113). Let t(x) = x**3 - 4*x**2 - 4*x - 6. Determine t(g).
-1
Let z(f) = -2*f**3 + f. Let m(y) = -13*y**3 - 5*y**2 + 13*y - 1. Let h(j) = m(j) - 6*z(j). Suppose -13 + 16 = i, 2*i = -2*v - 6. Give h(v).
-7
Let o(k) = k**2 + 1. Let y(h) = -h**2 - 6*h - 7. Let i(f) = 2*o(f) + y(f). Suppose 0 = x + 4*d + 23 - 16, -15 = 5*d. What is i(x)?
-10
Let r(a) = a**3 + 6*a**2 + 3*a - 3. Let k(c) = -c + 22. Let d be k(14). Let u be (20/d)/(1/(-2)). What is r(u)?
7
Let w(i) be the third derivative of i**5/60 - i**4/24 + i**3/2 + 11801*i**2. Suppose -p = 5 - 0. Give w(p).
33
Let p(z) = -z**3 - 2*z**2 - z. Let r(h) = -h**3 - 22*h**2 + h + 20. Let o = 181 + -203. Let n be r(o). Determine p(n).
2
Let c be 1*-3*(-1)/3. Let t(g) = -12105*g + 3025*g + 3024*g + 3011*g + 3007*g. Determine t(c).
-38
Suppose -8*z - 30 = -18*z. Let m(w) = -34 + w**2 - 2*w**2 + 28 - 11*w + z*w. Suppose -4*y - 3*d - 39 = -0*d, -14 = 4*y - 2*d. Give m(y).
6
Let h(i) = -201*i + 5. Let y(o) = 151*o - 6. Let x(s) = 3*h(s) + 4*y(s). What is x(11)?
2
Let x(z) be the third derivative of z**5/60 - 3*z**4/8 + z**3/6 - 1233*z**2. Calculate x(9).
1
Let p(f) = -26*f**2 + 91*f - 37. Let v(u) = 40*u**2 - 92*u + 35. Let c(r) = -3*p(r) - 2*v(r). Give c(-45).
-4
Let p(z) = -10*z**2 - 22*z. Let d(h